 base 6?
212553
1b8 (base 15) to base 6
1502
-1001011101 (base 2) to base 11
-500
What is 285 (base 9) in base 12?
17b
What is -1666 (base 15) in base 6?
-34153
-101100001110 (base 2) to base 6
-21034
What is -859 (base 11) in base 15?
-48c
What is 51 (base 13) in base 5?
231
-100111111 (base 2) to base 14
-18b
Convert -2121212020 (base 3) to base 4.
-30213021
Convert 2204 (base 6) to base 10.
508
Convert 1100100001010 (base 2) to base 6.
45402
Convert 1062 (base 8) to base 9.
684
-4211 (base 5) to base 2
-1000101100
Convert 1220401 (base 5) to base 15.
6d36
Convert 8294 (base 14) to base 11.
15981
What is -3451 (base 6) in base 13?
-4b4
What is 844 (base 9) in base 4?
22300
What is -12130 (base 5) in base 4?
-32103
What is -3252 (base 9) in base 11?
-1889
205 (base 12) to base 16
125
Convert -318 (base 11) to base 7.
-1054
What is 10651 (base 8) in base 13?
209a
Convert -132053 (base 6) to base 7.
-50235
-501 (base 7) to base 8
-366
39d3 (base 15) to base 16
303c
Convert 101211 (base 3) to base 2.
100100100
Convert -204420 (base 6) to base 2.
-100000010111100
34232 (base 5) to base 9
3313
-406 (base 12) to base 10
-582
What is -1002 (base 7) in base 14?
-1a9
Convert -100213102 (base 4) to base 7.
-402253
-1556 (base 8) to base 5
-12003
-11112302 (base 4) to base 8
-52662
What is -1304 (base 6) in base 13?
-1c3
What is 18029 (base 14) in base 8?
165765
What is 333204 (base 6) in base 2?
110110100100100
Convert 109 (base 15) to base 12.
176
What is -14a (base 14) in base 8?
-406
2100021 (base 3) to base 15
78d
-a94 (base 11) to base 12
-915
What is 567 (base 11) in base 14?
366
-32a (base 12) to base 10
-466
10505 (base 6) to base 8
2711
Convert 31331 (base 4) to base 15.
3e8
What is 1530 (base 7) in base 10?
609
Convert -2c (base 16) to base 9.
-48
-1212 (base 7) to base 13
-288
What is -10131 (base 5) in base 15?
-2e6
What is -1a1d1 (base 14) in base 3?
-10100212011
Convert -142345 (base 6) to base 8.
-32331
What is -db6a (base 15) in base 2?
-1011010101110010
Convert 53210 (base 6) to base 5.
212311
What is -110000101 (base 2) in base 11?
-324
Convert -102200012 (base 3) to base 5.
-233020
Convert 422121 (base 6) to base 3.
1201212211
-a6a (base 13) to base 12
-1042
Convert 4233 (base 5) to base 3.
210001
Convert -1010010111010010 (base 2) to base 5.
-2324300
What is -2166 (base 9) in base 4?
-120333
What is -409 (base 11) in base 14?
-273
165 (base 13) to base 8
374
What is -350155 (base 6) in base 14?
-ac63
Convert -662 (base 10) to base 5.
-10122
What is 1688 (base 9) in base 8?
2417
-2023231 (base 4) to base 9
-13234
11222102 (base 4) to base 9
34722
What is 120c (base 15) in base 5?
110322
Convert -4131 (base 6) to base 5.
-12134
Convert 1100101110 (base 2) to base 12.
57a
Convert -4132224 (base 5) to base 12.
-332b2
Convert 472 (base 16) to base 7.
3214
1000010000011 (base 2) to base 5
113402
-41b0 (base 12) to base 16
-1c14
-9c (base 16) to base 3
-12210
-85 (base 13) to base 11
-9a
Convert -25c3 (base 14) to base 12.
-3a13
10021002020 (base 3) to base 9
107066
Convert 43413 (base 5) to base 8.
5647
-3236 (base 13) to base 4
-1230332
What is -1110000011011101 (base 2) in base 10?
-57565
What is -110632 (base 8) in base 2?
-1001000110011010
12221 (base 6) to base 16
715
110456 (base 7) to base 6
230005
What is -21502 (base 8) in base 7?
-35213
What is 618 (base 10) in base 16?
26a
What is -1212220 (base 4) in base 8?
-14650
What is -100101110 (base 2) in base 12?
-212
What is -10612 (base 7) in base 10?
-2704
What is -31704 (base 8) in base 5?
-411002
-559 (base 11) to base 3
-220210
What is -24743 (base 8) in base 12?
-6257
-200222 (base 3) to base 16
-200
-212220 (base 5) to base 16
-1c11
2bee (base 16) to base 9
16375
-2880 (base 9) to base 5
-32203
-498 (base 10) to base 4
-13302
What is 16174 (base 8) in base 4?
1301330
Convert 35883 (base 9) to base 5.
1232201
1002200 (base 3) to base 5
11201
Convert 150a6 (base 11) to base 15.
6527
What is -24224 (base 8) in base 3?
-112020202
-113ba (base 14) to base 4
-22032320
What is -16142 (base 8) in base 14?
-2910
-100111011000111 (base 2) to base 6
-233211
What is -12330221 (base 4) in base 10?
-28457
Convert 1b60 (base 15) to base 3.
22011000
-319a (base 12) to base 16
-1546
What is 7034 (base 14) in base 9?
28363
What is -2235 (base 7) in base 16?
-32a
Convert -17672 (base 8) to base 7.
-32452
What is 208 (base 12) in base 13?
19a
What is -5066 (base 7) in base 6?
-12055
What is -4b7 (base 12) in base 9?
-874
What is 1317 (base 8) in base 15?
32e
1202202002 (base 3) to base 11
24171
What is -4bcb (base 15) in base 8?
-37446
Convert -123222 (base 5) to base 3.
-20121020
Convert 65027 (base 8) to base 11.
19450
13575 (base 8) to base 7
23350
Convert 76 (base 16) to base 9.
141
21112221 (base 3) to base 14
2014
What is 1011110 (base 4) in base 7?
15635
Convert -12412 (base 6) to base 3.
-2120122
Convert 4167 (base 8) to base 16.
877
What is 2200201122 (base 3) in base 6?
1045242
135 (base 12) to base 9
225
Convert 646 (base 14) to base 16.
4d6
What is 59 (base 13) in base 11?
68
-658 (base 14) to base 3
-1201110
Convert -a9a3 (base 12) to base 4.
-10210023
Convert eae (base 16) to base 11.
2907
-10105 (base 6) to base 2
-10100111001
1465 (base 7) to base 3
210201
What is 412 (base 5) in base 8?
153
-76 (base 14) to base 10
-104
-10010001100000 (base 2) to base 3
-110202220
What is 100000000000 (base 2) in base 14?
a64
-36 (base 15) to base 16
-33
What is -2623 (base 10) in base 12?
-1627
-1343 (base 11) to base 2
-11011001101
What is 512 (base 7) in base 8?
376
Convert -450 (base 8) to base 11.
-24a
Convert 3a84 (base 12) to base 15.
1ed4
Convert -1314 (base 10) to base 16.
-522
-4 (base 16) to base 5
-4
111100111011101 (base 2) to base 14
b525
What is -19222 (base 10) in base 3?
-222100221
Convert -41c (base 16) to base 12.
-738
What is -1111100 (base 2) in base 14?
-8c
What is -6117 (base 10) in base 9?
-8346
Convert 15409 (base 10) to base 11.
10639
What is -2134 (base 8) in base 5?
-13431
Convert 3238 (base 12) to base 4.
1112030
Convert 1533 (base 7) to base 4.
21210
Convert -11112202 (base 3) to base 10.
-3314
-12404 (base 6) to base 13
-b14
What is 100101110 (base 2) in base 3?
102012
What is 332523 (base 6) in base 15?
83b3
-1010111001 (base 2) to base 4
-22321
What is -10020210 (base 3) in base 12?
-1456
What is 10034 (base 5) in base 12?
458
Convert 709 (base 11) to base 2.
1101011000
What is 2b40 (base 14) in base 5?
221300
Convert 1b9 (base 15) to base 11.
333
What is 4de (base 15) in base 6?
5045
What is -a481 (base 15) in base 8?
-103723
What is 246 (base 10) in base 4?
3312
Convert -30542 (base 8) to base 9.
-18306
Convert 1000020 (base 3) to base 11.
609
What is -455 (base 10) in base 6?
-2035
What is 22110 (base 4) in base 7?
1632
Convert 583a (base 14) to base 2.
11101111101100
What is 175452 (base 8) in base 9?
107172
Convert -101001001001 (base 2) to base 4.
-221021
What is -2d40 (base 15) in base 11?
-7350
What is -5458 (base 13) in base 10?
-11734
Convert -13423 (base 6) to base 12.
-1273
62b8 (base 14) to base 16
427a
352 (base 7) to base 5
1214
What is -316 (base 9) in base 13?
-16b
What is -19885 (base 10) in base 14?
-7365
What is 476 (base 9) in base 2?
110001001
2361 (base 10) to base 6
14533
What is -100132 (base 5) in base 4?
-301133
What is -13255 (base 9) in base 8?
-21400
29d (base 15) to base 3
211011
Convert -1221200 (base 4) to base 16.
-1a60
What is -480 (base 16) in base 4?
-102000
-235 (base 16) to base 7
-1435
What is -4675 (base 8) in base 2?
-100110111101
Convert -21214 (base 5) to base 6.
-10350
What is 211130 (base 4) in base 3?
10021202
What is 22230 (base 4) in base 9?
840
-151032 (base 8) to base 16
-d21a
Convert 3105 (base 9) to base 6.
14305
1055 (base 16) to base 12
2505
What is -2213 (base 9) in base 3?
-2020110
Convert 6b43 (base 14) to base 16.
48f7
What is 3d2 (base 15) in base 6?
4012
-2454 (base 8) to base 2
-10100101100
What is -11102 (base 4) in base 2?
-101010010
-501452 (base 6) to base 13
-14b4c
-1080 (base 11) to base 15
-649
7656 (base 9) to base 16
1608
Convert 3561 (base 11) to base 7.
16413
What is -13678 (base 9) in base 6?
-111025
What is 130333 (base 5) in base 6?
35325
-14055 (base 8) to base 10
-6189
What is 12122